eatest common divisor of d and s.
6
Let i = -219 + 234. Calculate the highest common divisor of i and 195.
15
Let u = 2301 + -1820. Calculate the greatest common divisor of u and 13.
13
Suppose 2*w - 3 = 1. Suppose w*u + 10 = 4*u. Suppose -u*b + 3*v + 1 = 0, -v = -2*b + 3*v - 8. What is the highest common divisor of 8 and b?
2
Let d = -111 + 134. What is the greatest common factor of d and 253?
23
Suppose 12*l - 5 = 11*l. Suppose -5*q + 3*q + l*n = -9, -4*q - 4*n + 4 = 0. Calculate the highest common factor of 4 and q.
2
Let y = 3 - -7. Suppose -8*n + y*n - 68 = 0. What is the greatest common factor of n and 238?
34
Let i be 2354/132 - (-3)/(20 - 2). Calculate the greatest common divisor of i and 54.
18
Let p be (-13)/(-26)*(16 - -4). Calculate the highest common factor of 180 and p.
10
Let t = 51 + -41. Let i be 6 - t - (-7 + -1). Calculate the greatest common factor of i and 12.
4
Suppose h - 30 = -4*a, -11*a = -8*a - 5*h - 34. Suppose j - 26 = 38. Let k = j + a. What is the greatest common factor of 9 and k?
9
Suppose -2*q - 5 = 5*r, 5*r - 6*r - 5*q = 24. Calculate the greatest common factor of r and 12.
1
Suppose 2*q = -8, -3*b + b + 90 = -3*q. Suppose 2*i = 2*h + 5*i - 37, -2*h - 2*i + 42 = 0. What is the greatest common factor of b and h?
13
Let z(r) = -7 - 15*r + 0*r - 23 + 0*r. Let p be z(-7). What is the greatest common divisor of p and 25?
25
Let q(b) = b**2 + 31*b + 248. Let u be q(-9). Calculate the greatest common factor of 5050 and u.
50
Suppose 4 - 48 = -2*y. Calculate the highest common divisor of 88 and y.
22
Let a be (2 - -14)/((-2)/(-33)). Let b be (-6 - -13) + -6 + -4. Let x be (a/(-30))/(b/45). What is the greatest common factor of 12 and x?
12
Let z(h) = 2*h**3 + 4*h**2 + 4*h + 1. Let v be z(-3). Let k = 51 + v. What is the highest common factor of 33 and k?
11
Suppose -2*h + 2*s + 34 = s, -5*h - 3*s = -63. Let y be -3 + h + 0/(-3). Suppose 0*d + 216 = 2*d. What is the highest common factor of y and d?
12
Suppose -5*k = -s - 137, 2*s + 6 = 4*s. Calculate the highest common divisor of 252 and k.
28
Let z be -1*2/(-2)*13. Suppose -3*p = 5*m - 12 - z, 0 = m - 5. Suppose 0 = -p*r + 5*r - 85. What is the highest common divisor of r and 17?
17
Let m = -154 + 170. What is the greatest common divisor of m and 208?
16
Let b be ((-210)/12)/(2/(-12)). What is the greatest common factor of 45 and b?
15
Suppose 5*b = -24 - 16. Let l(s) = -2*s**2 - 18*s - 11. Let d be l(b). Let u(j) = -16*j + 7. Let x be u(-3). Calculate the greatest common divisor of x and d.
5
Let k(l) = 37*l**3 + 3*l**2 + l - 3. Let h be k(1). Let r = 44 - -260. Calculate the highest common divisor of h and r.
38
Let h = 290 - 272. Calculate the greatest common factor of 36 and h.
18
Let n(x) be the second derivative of x**2 + 0 + 3*x - 7/6*x**3 - 1/12*x**4. Let k be n(-6). Calculate the highest common factor of 24 and k.
8
Let d be -14*(-6)/(-20)*(-2 - 8). Calculate the highest common divisor of 4 and d.
2
Suppose -4*p + 0*p + 72 = 4*o, -o = 3. What is the greatest common factor of p and 3?
3
Suppose -3*h + 3763 = 5*s, 4*s + 3*h - 391 - 2620 = 0. Calculate the greatest common divisor of s and 47.
47
Let u(b) = 2*b**2 - 23*b + 132. Let h be u(11). Suppose -5*l - 3*i + 120 = -i, -3*l + 5*i = -41. What is the highest common factor of l and h?
11
Let m = 2285 - 1965. What is the greatest common divisor of 10 and m?
10
Suppose 4 = 6*t - 2. Let w(c) = 22*c + 4. Let g be w(t). Calculate the greatest common divisor of 260 and g.
26
Let t = 317 + -308. Suppose -t*b = 5*b - 126. Suppose 0 = -y + 2*y - 9. Calculate the highest common factor of y and b.
9
Let h(i) = -i**3 - 20*i**2 - 25*i - 81. Let c be h(-19). What is the greatest common divisor of 3 and c?
3
Let z(a) = -73*a - 9. Let b be z(-1). Calculate the highest common divisor of b and 2.
2
Let z be 953 + (0 - -1) + -2. Suppose -367 = -3*n - z. Let t be ((-1)/3)/(1/n). What is the highest common divisor of 13 and t?
13
Let l(z) = z**3 + 6*z**2 + z + 2. Let q be l(-5). Suppose -2*r - 3*s = -0*r - 56, r = 5*s + 2. What is the highest common factor of r and q?
22
Suppose 5*p = -2*w + 3*w + 34, -4*p = 2*w + 26. Let c = 34 + w. What is the highest common factor of 135 and c?
15
Let w(r) = -46*r - 1. Let m be w(-6). Suppose -100 = -4*h - 0. What is the greatest common divisor of m and h?
25
Let a(y) = 5*y**2 + 22*y + 14. Let x be a(-7). Suppose -52 = -5*g + 123. What is the greatest common factor of g and x?
35
Suppose l = -4*c + 219, 5*c + 199 = 2*l - 291. Calculate the greatest common factor of 5 and l.
5
Let f(a) = 2*a**2 - 5*a - 12. Suppose -8 + 2 = -2*q, -4*q = 3*d. Let v be f(d). Suppose -v = -0*s - 5*s. What is the greatest common factor of s and 4?
4
Suppose 0 = -s - 3*k + 14, 6*s - 18 = 4*s + 4*k. Let z(l) = l + 6. Let m be z(5). Calculate the greatest common factor of m and s.
11
Let y be 20 - 15/5 - (-1 + 3). Let h(w) = 2*w**2 + 2*w + 5. Let l be h(4). Calculate the greatest common factor of y and l.
15
Let s = 429 + -204. Calculate the highest common divisor of 25 and s.
25
Let s(n) be the first derivative of -n**4/4 - 8*n**3/3 - 9*n**2/2 - 11*n + 22. Let f be s(-7). What is the greatest common factor of f and 2?
1
Let q be (1/3)/((-2)/24*-2). Calculate the highest common divisor of 14 and q.
2
Suppose -716 = -4*a - 252. Calculate the highest common factor of 4 and a.
4
Suppose -15130 = -30*i + 9170. Calculate the highest common divisor of i and 30.
30
Suppose -c = -3*c + 56. Let g be (-7)/((-28)/60) - 1. What is the greatest common divisor of c and g?
14
Suppose 0 = 5*m + 3 - 23. Let u be m/(48/207) + (-3)/(-4). Let x = 5 - 3. Calculate the highest common factor of u and x.
2
Let t be (-5*(-15)/(-50))/(2/(-132)). Let k be 14 - (3 + 3 + -3). What is the highest common divisor of k and t?
11
Suppose 2*v = -4*k + 92, 22*k = 18*k + 3*v + 82. Calculate the greatest common divisor of k and 77.
11
Suppose 2*g - 3*g + 24 = v, 3*v + 3 = 0. Let k be 3/(-15) + 388/(-10)*-14. Suppose 1668 = 5*i + k. What is the highest common factor of g and i?
25
Suppose 18*i = 20*i - 270. Calculate the greatest common factor of i and 60.
15
Let d = 889 + -625. What is the greatest common factor of 352 and d?
88
Suppose 12 = 3*i + 5*s - 19, -3*i - 4*s + 26 = 0. Suppose 4*c = -5*j + c + 84, -i*j - 4*c + 28 = 0. What is the greatest common factor of j and 12?
6
Let a = 70 - 38. What is the highest common divisor of a and 8?
8
Let q be (-266)/(-9) - (-136)/306. Calculate the highest common divisor of 735 and q.
15
Let k = -164 + 174. What is the highest common divisor of 2 and k?
2
Let h = -6 - -13. Let y be 4/((1 + 2)/(-6)). Let m(p) = -p**2 - 11*p + 4. Let c be m(y). Calculate the greatest common divisor of h and c.
7
Let j(c) = 13*c**2 + 125*c + 10. Let z be j(-10). Calculate the highest common factor of z and 810.
30
Suppose 0 = 2*t + t - 270. Suppose -4 = -h - 28. Let d = h + 42. Calculate the greatest common divisor of d and t.
18
Suppose 4*i - 77 = -1. What is the highest common factor of i and 209?
19
Let n = -11 - -33. Suppose s = -n + 37. What is the highest common factor of s and 135?
15
Suppose 2*k = j + 16, 3*k = -2*k - 4*j + 14. Let t be 4/14 - (-36)/21. Suppose -t*u + 2 = -k. What is the greatest common factor of u and 32?
4
Let s be 24/(-3 - (-5 - 3/(-6))). Calculate the highest common divisor of 80 and s.
16
Let t be 4*4/48*3. Let v be (-12)/(-4) + 33*1. Suppose 0 = 4*w + 4 - v. Calculate the greatest common divisor of w and t.
1
Suppose -4*v + 26 = -30. Suppose -v*b - 12 = -10*b. Let d be 34 + -1*(-9)/b. Calculate the greatest common factor of 217 and d.
31
Let x(j) be the third derivative of 3*j**4/8 - 23*j**3/3 + 14*j**2. Let p be x(8). What is the greatest common divisor of 208 and p?
26
Let l = 52 - 46. Let g be 110/l + (-4)/(-6). Calculate the highest common divisor of g and 133.
19
Let y(u) = -u**3 - 38*u**2 - 139*u + 9. Let a be y(-4). Suppose -5*t + 0*b + 2*b + 955 = 0, -5*b = 25. Calculate the highest common factor of t and a.
21
Suppose -4*j = 5*h - 543, 0*j - 3*j + 2*h = -436. What is the highest common divisor of j and 2?
2
Let i(q) = 2*q**3 + 19*q**2 + 41*q + 18. Let d be i(-5). Suppose b - 95 = -0*b. What is the highest common divisor of b and d?
19
Let d be (10 - 22)*(-1)/2. Let x(r) = 2*r - 4. Let v be 1/